{"id":442,"date":"2025-08-08T11:40:54","date_gmt":"2025-08-08T11:40:54","guid":{"rendered":"https:\/\/rehasportportal.de\/?page_id=442"},"modified":"2026-04-03T01:11:09","modified_gmt":"2026-04-03T01:11:09","slug":"impressum","status":"publish","type":"page","link":"https:\/\/rehasportportal.de\/physiofit-gbr\/impressum\/","title":{"rendered":"Impressum"},"content":{"rendered":"<p>Bernd Schranz<br \/>Prof. Oehler Stra\u00dfe 7<br \/>40589 D\u00fcsseldorf<\/p>\n<p>Vereinsregister: VR 9655<br \/>Registergericht: D\u00fcsseldorf-S\u00fcd (Steuernummer: 106\/5754\/1144 VST)<\/p>\n<p><strong>Vertreten durch:<\/strong><br \/>Bernd Schranz, Sven Sch\u00f6nborn, Caroline Berschik, Claudine Schranz, Dirk Wollny, Kai A. M\u00e4scher.<\/p>\n<h2>Kontakt<\/h2>\n<p>Telefon: +49-211-99540438<br \/>Telefax: +49-211-791448<br \/>E-Mail: info@rehavitalisplus.de<\/p>\n<h2>Berufsbezeichnung und berufsrechtliche Regelungen<\/h2>\n<p>Berufsbezeichnung:<br \/>anderer Beruf<\/p>\n<h2>Verbraucher\u00adstreit\u00adbeilegung\/Universal\u00adschlichtungs\u00adstelle<\/h2>\n<p>Wir sind nicht bereit oder verpflichtet, an Streitbeilegungsverfahren vor einer Verbraucherschlichtungsstelle teilzunehmen.<\/p>\n<p>Quelle: <a href=\"https:\/\/www.e-recht24.de\">eRecht24<\/a><\/p>\n","protected":false},"excerpt":{"rendered":"<p>Bernd SchranzProf. Oehler Stra\u00dfe 740589 D\u00fcsseldorf Vereinsregister: VR 9655Registergericht: D\u00fcsseldorf-S\u00fcd (Steuernummer: 106\/5754\/1144 VST) Vertreten durch:Bernd Schranz, Sven Sch\u00f6nborn, Caroline Berschik, Claudine Schranz, Dirk Wollny, Kai A. M\u00e4scher. Kontakt Telefon: +49-211-99540438Telefax: +49-211-791448E-Mail: info@rehavitalisplus.de Berufsbezeichnung und berufsrechtliche Regelungen Berufsbezeichnung:anderer Beruf Verbraucher\u00adstreit\u00adbeilegung\/Universal\u00adschlichtungs\u00adstelle Wir sind nicht bereit oder verpflichtet, an Streitbeilegungsverfahren vor einer Verbraucherschlichtungsstelle teilzunehmen. Quelle: eRecht24<\/p>\n","protected":false},"author":1,"featured_media":0,"parent":0,"menu_order":0,"comment_status":"closed","ping_status":"closed","template":"","meta":{"footnotes":""},"class_list":["post-442","page","type-page","status-publish","hentry"],"yoast_head":"<!-- This site is optimized with the Yoast SEO plugin v26.5 - https:\/\/yoast.com\/wordpress\/plugins\/seo\/ -->\n<title>Impressum - Physiofit GbR<\/title>\n<meta name=\"robots\" content=\"noindex, follow, max-snippet:-1, max-image-preview:large, max-video-preview:-1\" \/>\n<meta property=\"og:locale\" content=\"de_DE\" \/>\n<meta property=\"og:type\" content=\"article\" \/>\n<meta property=\"og:title\" content=\"Impressum - Physiofit GbR\" \/>\n<meta property=\"og:description\" content=\"Bernd SchranzProf. Oehler Stra\u00dfe 740589 D\u00fcsseldorf Vereinsregister: VR 9655Registergericht: D\u00fcsseldorf-S\u00fcd (Steuernummer: 106\/5754\/1144 VST) Vertreten durch:Bernd Schranz, Sven Sch\u00f6nborn, Caroline Berschik, Claudine Schranz, Dirk Wollny, Kai A. M\u00e4scher. Kontakt Telefon: +49-211-99540438Telefax: +49-211-791448E-Mail: info@rehavitalisplus.de Berufsbezeichnung und berufsrechtliche Regelungen Berufsbezeichnung:anderer Beruf Verbraucher\u00adstreit\u00adbeilegung\/Universal\u00adschlichtungs\u00adstelle Wir sind nicht bereit oder verpflichtet, an Streitbeilegungsverfahren vor einer Verbraucherschlichtungsstelle teilzunehmen. Quelle: eRecht24\" \/>\n<meta property=\"og:url\" content=\"https:\/\/rehasportportal.de\/physiofit-gbr\/impressum\/\" \/>\n<meta property=\"og:site_name\" content=\"Physiofit GbR\" \/>\n<meta property=\"article:modified_time\" content=\"2026-04-03T01:11:09+00:00\" \/>\n<meta name=\"twitter:card\" content=\"summary_large_image\" \/>\n<meta name=\"twitter:label1\" content=\"Gesch\u00e4tzte Lesezeit\" \/>\n\t<meta name=\"twitter:data1\" content=\"1\u00a0Minute\" \/>\n<script type=\"application\/ld+json\" class=\"yoast-schema-graph\">{\"@context\":\"https:\/\/schema.org\",\"@graph\":[{\"@type\":\"WebPage\",\"@id\":\"https:\/\/rehasportportal.de\/physiofit-gbr\/impressum\/\",\"url\":\"https:\/\/rehasportportal.de\/physiofit-gbr\/impressum\/\",\"name\":\"Impressum - Physiofit GbR\",\"isPartOf\":{\"@id\":\"https:\/\/rehasportportal.de\/physiofit-gbr\/#website\"},\"datePublished\":\"2025-08-08T11:40:54+00:00\",\"dateModified\":\"2026-04-03T01:11:09+00:00\",\"breadcrumb\":{\"@id\":\"https:\/\/rehasportportal.de\/physiofit-gbr\/impressum\/#breadcrumb\"},\"inLanguage\":\"de\",\"potentialAction\":[{\"@type\":\"ReadAction\",\"target\":[\"https:\/\/rehasportportal.de\/physiofit-gbr\/impressum\/\"]}]},{\"@type\":\"BreadcrumbList\",\"@id\":\"https:\/\/rehasportportal.de\/physiofit-gbr\/impressum\/#breadcrumb\",\"itemListElement\":[{\"@type\":\"ListItem\",\"position\":1,\"name\":\"Startseite\",\"item\":\"https:\/\/rehasportportal.de\/physiofit-gbr\/\"},{\"@type\":\"ListItem\",\"position\":2,\"name\":\"Impressum\"}]},{\"@type\":\"WebSite\",\"@id\":\"https:\/\/rehasportportal.de\/physiofit-gbr\/#website\",\"url\":\"https:\/\/rehasportportal.de\/physiofit-gbr\/\",\"name\":\"Physiofit GbR\",\"description\":\"Rehasport in Cottbus\",\"publisher\":{\"@id\":\"https:\/\/rehasportportal.de\/physiofit-gbr\/#organization\"},\"potentialAction\":[{\"@type\":\"SearchAction\",\"target\":{\"@type\":\"EntryPoint\",\"urlTemplate\":\"https:\/\/rehasportportal.de\/physiofit-gbr\/?s={search_term_string}\"},\"query-input\":{\"@type\":\"PropertyValueSpecification\",\"valueRequired\":true,\"valueName\":\"search_term_string\"}}],\"inLanguage\":\"de\"},{\"@type\":\"Organization\",\"@id\":\"https:\/\/rehasportportal.de\/physiofit-gbr\/#organization\",\"name\":\"Physiofit GbR\",\"url\":\"https:\/\/rehasportportal.de\/physiofit-gbr\/\",\"logo\":{\"@type\":\"ImageObject\",\"inLanguage\":\"de\",\"@id\":\"https:\/\/rehasportportal.de\/physiofit-gbr\/#\/schema\/logo\/image\/\",\"url\":\"https:\/\/rehasportportal.de\/wp-content\/uploads\/sites\/45\/2025\/07\/Rehasport_Portal_Logo_rgb.png\",\"contentUrl\":\"https:\/\/rehasportportal.de\/wp-content\/uploads\/sites\/45\/2025\/07\/Rehasport_Portal_Logo_rgb.png\",\"width\":945,\"height\":295,\"caption\":\"Physiofit GbR\"},\"image\":{\"@id\":\"https:\/\/rehasportportal.de\/physiofit-gbr\/#\/schema\/logo\/image\/\"}}]}<\/script>\n<!-- \/ Yoast SEO plugin. -->","yoast_head_json":{"title":"Impressum - Physiofit GbR","robots":{"index":"noindex","follow":"follow","max-snippet":"max-snippet:-1","max-image-preview":"max-image-preview:large","max-video-preview":"max-video-preview:-1"},"og_locale":"de_DE","og_type":"article","og_title":"Impressum - Physiofit GbR","og_description":"Bernd SchranzProf. Oehler Stra\u00dfe 740589 D\u00fcsseldorf Vereinsregister: VR 9655Registergericht: D\u00fcsseldorf-S\u00fcd (Steuernummer: 106\/5754\/1144 VST) Vertreten durch:Bernd Schranz, Sven Sch\u00f6nborn, Caroline Berschik, Claudine Schranz, Dirk Wollny, Kai A. M\u00e4scher. Kontakt Telefon: +49-211-99540438Telefax: +49-211-791448E-Mail: info@rehavitalisplus.de Berufsbezeichnung und berufsrechtliche Regelungen Berufsbezeichnung:anderer Beruf Verbraucher\u00adstreit\u00adbeilegung\/Universal\u00adschlichtungs\u00adstelle Wir sind nicht bereit oder verpflichtet, an Streitbeilegungsverfahren vor einer Verbraucherschlichtungsstelle teilzunehmen. Quelle: eRecht24","og_url":"https:\/\/rehasportportal.de\/physiofit-gbr\/impressum\/","og_site_name":"Physiofit GbR","article_modified_time":"2026-04-03T01:11:09+00:00","twitter_card":"summary_large_image","twitter_misc":{"Gesch\u00e4tzte Lesezeit":"1\u00a0Minute"},"schema":{"@context":"https:\/\/schema.org","@graph":[{"@type":"WebPage","@id":"https:\/\/rehasportportal.de\/physiofit-gbr\/impressum\/","url":"https:\/\/rehasportportal.de\/physiofit-gbr\/impressum\/","name":"Impressum - Physiofit GbR","isPartOf":{"@id":"https:\/\/rehasportportal.de\/physiofit-gbr\/#website"},"datePublished":"2025-08-08T11:40:54+00:00","dateModified":"2026-04-03T01:11:09+00:00","breadcrumb":{"@id":"https:\/\/rehasportportal.de\/physiofit-gbr\/impressum\/#breadcrumb"},"inLanguage":"de","potentialAction":[{"@type":"ReadAction","target":["https:\/\/rehasportportal.de\/physiofit-gbr\/impressum\/"]}]},{"@type":"BreadcrumbList","@id":"https:\/\/rehasportportal.de\/physiofit-gbr\/impressum\/#breadcrumb","itemListElement":[{"@type":"ListItem","position":1,"name":"Startseite","item":"https:\/\/rehasportportal.de\/physiofit-gbr\/"},{"@type":"ListItem","position":2,"name":"Impressum"}]},{"@type":"WebSite","@id":"https:\/\/rehasportportal.de\/physiofit-gbr\/#website","url":"https:\/\/rehasportportal.de\/physiofit-gbr\/","name":"Physiofit GbR","description":"Rehasport in Cottbus","publisher":{"@id":"https:\/\/rehasportportal.de\/physiofit-gbr\/#organization"},"potentialAction":[{"@type":"SearchAction","target":{"@type":"EntryPoint","urlTemplate":"https:\/\/rehasportportal.de\/physiofit-gbr\/?s={search_term_string}"},"query-input":{"@type":"PropertyValueSpecification","valueRequired":true,"valueName":"search_term_string"}}],"inLanguage":"de"},{"@type":"Organization","@id":"https:\/\/rehasportportal.de\/physiofit-gbr\/#organization","name":"Physiofit GbR","url":"https:\/\/rehasportportal.de\/physiofit-gbr\/","logo":{"@type":"ImageObject","inLanguage":"de","@id":"https:\/\/rehasportportal.de\/physiofit-gbr\/#\/schema\/logo\/image\/","url":"https:\/\/rehasportportal.de\/wp-content\/uploads\/sites\/45\/2025\/07\/Rehasport_Portal_Logo_rgb.png","contentUrl":"https:\/\/rehasportportal.de\/wp-content\/uploads\/sites\/45\/2025\/07\/Rehasport_Portal_Logo_rgb.png","width":945,"height":295,"caption":"Physiofit GbR"},"image":{"@id":"https:\/\/rehasportportal.de\/physiofit-gbr\/#\/schema\/logo\/image\/"}}]}},"_links":{"self":[{"href":"https:\/\/rehasportportal.de\/physiofit-gbr\/wp-json\/wp\/v2\/pages\/442","targetHints":{"allow":["GET"]}}],"collection":[{"href":"https:\/\/rehasportportal.de\/physiofit-gbr\/wp-json\/wp\/v2\/pages"}],"about":[{"href":"https:\/\/rehasportportal.de\/physiofit-gbr\/wp-json\/wp\/v2\/types\/page"}],"author":[{"embeddable":true,"href":"https:\/\/rehasportportal.de\/physiofit-gbr\/wp-json\/wp\/v2\/users\/1"}],"replies":[{"embeddable":true,"href":"https:\/\/rehasportportal.de\/physiofit-gbr\/wp-json\/wp\/v2\/comments?post=442"}],"version-history":[{"count":7,"href":"https:\/\/rehasportportal.de\/physiofit-gbr\/wp-json\/wp\/v2\/pages\/442\/revisions"}],"predecessor-version":[{"id":449,"href":"https:\/\/rehasportportal.de\/physiofit-gbr\/wp-json\/wp\/v2\/pages\/442\/revisions\/449"}],"wp:attachment":[{"href":"https:\/\/rehasportportal.de\/physiofit-gbr\/wp-json\/wp\/v2\/media?parent=442"}],"curies":[{"name":"wp","href":"https:\/\/api.w.org\/{rel}","templated":true}]}}